er?
True
Is 32521 prime?
False
Is 22097 a composite number?
True
Is 484453 prime?
False
Is 62819 prime?
True
Is 62209 prime?
False
Is 96373 composite?
True
Is 534253 composite?
False
Is 1749907 composite?
True
Is 32753 a prime number?
False
Is 91477 composite?
True
Is 829 composite?
False
Is 190607 a prime number?
True
Is 596787 a prime number?
False
Is 35741 a composite number?
True
Is 1655 a prime number?
False
Is 1040483 a composite number?
False
Is 153107 composite?
False
Is 348479 a prime number?
False
Is 28211 a prime number?
True
Is 2371 prime?
True
Is 113777 a composite number?
False
Is 107519 prime?
False
Is 739 composite?
False
Is 751 prime?
True
Is 302383 prime?
False
Is 85297 a composite number?
False
Is 10297 a composite number?
True
Is 1215623 composite?
False
Is 177257 composite?
False
Is 17245 a prime number?
False
Is 179021 a prime number?
True
Is 587 a composite number?
False
Is 1390927 a composite number?
True
Is 12893 prime?
True
Is 1861 a prime number?
True
Is 23543 a prime number?
False
Is 2283 prime?
False
Is 78539 a prime number?
True
Is 2647 a prime number?
True
Is 17569 a prime number?
True
Is 12085 a composite number?
True
Is 4797407 prime?
True
Is 31907 prime?
True
Is 34537 a composite number?
False
Is 225427 a composite number?
False
Is 74653 a prime number?
True
Is 96783 composite?
True
Is 32458 a prime number?
False
Is 53047 composite?
False
Is 7237 prime?
True
Is 238573 a prime number?
True
Is 109751 a prime number?
True
Is 148343 prime?
False
Is 9239 composite?
False
Is 2234 a prime number?
False
Is 436703 composite?
True
Is 289519 a composite number?
True
Is 69553 a composite number?
True
Is 37 a prime number?
True
Is 71353 a composite number?
False
Is 2960009 prime?
False
Is 5147 a composite number?
False
Is 3557 prime?
True
Is 1949 composite?
False
Is 154195 a composite number?
True
Is 127529 a composite number?
False
Is 121627 a prime number?
False
Is 354389 composite?
True
Is 294347 prime?
True
Is 7283 a prime number?
True
Is 18883 a composite number?
True
Is 101359 prime?
True
Is 14117 composite?
True
Is 3791 prime?
False
Is 17521 composite?
True
Is 4291 prime?
False
Is 3683 a composite number?
True
Is 70931 composite?
True
Is 803813 a composite number?
False
Is 5713 composite?
True
Is 28239 a composite number?
True
Is 5923 a prime number?
True
Is 33013 prime?
True
Is 160877 a composite number?
False
Is 1324567 composite?
False
Is 79489 a composite number?
True
Is 6245 a composite number?
True
Is 9913 prime?
False
Is 286367 prime?
True
Is 159031 a prime number?
False
Is 324293 composite?
False
Is 147341 prime?
True
Is 4699 a prime number?
False
Is 126677 a composite number?
True
Is 95971 a prime number?
True
Is 89939 a prime number?
True
Is 1050611 a prime number?
True
Is 136811 a composite number?
False
Is 26801 prime?
True
Is 118849 prime?
False
Is 79171 a prime number?
False
Is 46471 a composite number?
False
Is 108613 a prime number?
False
Is 8907 a composite number?
True
Is 47555 a prime number?
False
Is 3943 prime?
True
Is 3698201 prime?
False
Is 48595 composite?
True
Is 842801 prime?
True
Is 9745 prime?
False
Is 14206 prime?
False
Is 689449 prime?
False
Is 8363 prime?
True
Is 379 a composite number?
False
Is 217901 composite?
False
Is 10 a composite number?
True
Is 3749 a prime number?
False
Is 1006711 composite?
False
Is 206519 a prime number?
True
Is 24602 a prime number?
False
Is 877 composite?
False
Is 224899 prime?
False
Is 1319681 composite?
True
Is 31969 a prime number?
False
Is 15071 prime?
False
Is 813 composite?
True
Is 154057 a composite number?
False
Is 924439 a composite number?
True
Is 212379 a composite number?
True
Is 46351 composite?
False
Is 47651 composite?
True
Is 60969 composite?
True
Is 435307 a composite number?
False
Is 526367 a prime number?
True
Is 112471 composite?
True
Is 124897 prime?
True
Is 8567003 composite?
False
Is 54971 prime?
False
Is 258861 a prime number?
False
Is 15233 a prime number?
True
Is 150931 a composite number?
True
Is 337949 a composite number?
False
Is 21857 a prime number?
False
Is 290201 composite?
False
Is 16301 a composite number?
False
Is 132911 a prime number?
True
Is 141761 prime?
True
Is 29613 composite?
True
Is 1637 prime?
True
Is 11027 composite?
False
Is 602449 a composite number?
True
Is 34669 composite?
True
Is 6007 prime?
True
Is 33577 prime?
True
Is 5951 prime?
False
Is 84389 composite?
False
Is 8465 composite?
True
Is 429113 a composite number?
True
Is 6491 a prime number?
True
Is 1823429 a composite number?
False
Is 68537 a composite number?
True
Is 31909 composite?
True
Is 380693 a prime number?
False
Is 9313 composite?
True
Is 251239 a composite number?
True
Is 5381 prime?
True
Is 851009 a prime number?
True
Is 10391 a prime number?
True
Is 14953 a prime number?
False
Is 18371 a prime number?
True
Is 77593 prime?
False
Is 2573 a composite number?
True
Is 44867 a prime number?
True
Is 57458 composite?
True
Is 4861 composite?
False
Is 32273 a prime number?
False
Is 212227 a composite number?
False
Is 232961 a composite number?
False
Is 59497 composite?
False
Is 10033 composite?
True
Is 63521 a composite number?
False
Is 587927 a composite number?
False
Is 7451 composite?
False
Is 174329 prime?
True
Is 13495 a prime number?
False
Is 30029 prime?
True
Is 256981 prime?
True
Is 146 prime?
False
Is 351083 a prime number?
False
Is 27155 a prime number?
False
Is 552229 composite?
True
Is 8119 composite?
True
Is 720397 a composite number?
False
Is 15163 a prime number?
False
Is 74131 prime?
True
Is 530129 a prime number?
True
Is 154657 a prime number?
False
Is 150103 a prime number?
False
Is 171943 a prime number?
False
Is 53349 a prime number?
False
Is 40877 a prime number?
False
Is 10447 prime?
False
Is 188107 prime?
True
Is 260527 prime?
True
Is 862117 a composite number?
False
Is 45769 prime?
False
Is 18977 a composite number?
True
Is 595069 composite?
False
Is 46121 prime?
False
Is 3191 composite?
False
Is 1459 a composite number?
False
Is 14141 a prime number?
False
Is 29411 a composite number?
False
Is 10061 a composite number?
False
Is 262427 composite?
True
Is 55907 a composite number?
True
Is 4861 a prime number?
True
Is 107099 prime?
True
Is 178927 a prime number?
False
Is 163147 a prime number?
True
Is 64513 a composite number?
False
Is 223499 prime?
False
Is 3809 composite?
True
Is 69415 a prime number?
False
Is 53059 prime?
False
Is 42803 prime?
False
Is 31601 prime?
True
Is 887 a composite number?
False
Is 11474 composite?
True
Is 390581 a composite number?
False
Is 30767 composite?
True
Is 6499 a composite number?
True
Is 349553 a prime number?
True
Is 4698721 a composite number?
False
Is 365327 a composite number?
False
Is 329 prime?
False
Is 367097 prime?
True
Is 1164595 a prime number?
False
Is 1299 composite?
True
Is 683189 composite?
True
Is 156419 composite?
False
Is 1271629 a prime number?
False
Is 723293 prime?
True
Is 476327 a prime number?
False
Is 27205 prime?
False
Is 711793 prime?
True
Is 308893 a composite number?
True
Is 465293 prime?
True
Is 13963 composite?
False
Is 365623 prime?
False
Is 1211593 composite?
False
Is 7111 a composite number?
True
Is 10001 composite?
True
Is 389 composite?
False
Is 734 prime?
False
Is 158059 a composite number?
True
Is 71933 a prime number?
True
Is 34495 composite?
True
Is 9897 composite?
True
Is 3697 prime?
True
Is 107137 a prime number?
True
Is 77069 prime?
True
Is 9587 prime?
True
Is 4087 a composite number?
True
Is 170953 composite?
False
Is 5347 prime?
True
Is 614639 a prime number?
True
Is 6913 a prime number?
False
Is 934223 prime?
True
Is 603707 a prime number?
False
Is 41491 prime?
True
Is 61709 a composite number?
True
Is 226405 prime?
False
Is 3229 composite?
False
Is 4661 composite?
True
Is 933443 a composite number?
True
Is 26603 a prime number?
False
Is 17729 prime?
True
Is 3943 a composite number?
False
Is 20887 composite?
False
Is 450491 prime?
False
Is 37585 a composite number?
True
Is 1361 composite?
False
Is 19661 prime?
True
Is 15278 a prime number?
False
Is 71353 prime?
True
Is 71633 a prime number?
True
Is 115057 prime?
True
Is 285007 composite?
False
Is 4984049 prime?
False
Is 1243 a composite number?
True
Is 5381 composite?
False
Is 2652599 composit